e remainder when 5/(-4)*(-3 - 1) is divided by s?
2
Let j(h) = -h - 16. Let u be j(-10). Let x = -26 - -36. Let t = x + u. What is the remainder when t is divided by 3?
1
Let h(g) = g - 2. Let x be h(3). Suppose -142 - 34 = -4*r. What is the remainder when r is divided by x + -2 + (-32)/(-2)?
14
What is the remainder when (-1 + 3)*(0 - -33) is divided by 17?
15
Let p(s) = -s - 6. Let o be p(-3). What is the remainder when ((-12)/4)/(o/7) is divided by 5?
2
Let k = 23 - -9. What is the remainder when 63 is divided by k?
31
Let r = 18 + 4. Let u = 22 - 18. Suppose -8*l + u*l = -168. Calculate the remainder when l is divided by r.
20
Suppose 51 + 29 = 4*u. Suppose z + 35 = -4*z. What is the remainder when z*2*-3 + -3 is divided by u?
19
Let q(b) = b**3 + 5*b**2 + b. Calculate the remainder when q(-4) is divided by 5.
2
Let p(z) be the first derivative of z**2 + 5*z + 1. Calculate the remainder when p(12) is divided by 16.
13
Suppose 3 = 2*l - 17. What is the remainder when 78 is divided by l?
8
Suppose -5*c = -o + 6, -3*c - 5*o + 4 - 2 = 0. What is the remainder when 4*c/((-1)/2) is divided by 5?
3
Let g(v) = -33*v - 5 + 2 + 34*v. What is the remainder when g(10) is divided by 5?
2
Let p be 0/((6/2)/(-3)). Suppose -5 + p = 5*b. What is the remainder when 9 is divided by 7 + (4 - 2)/b?
4
Let d be (12/4 + -3)/2. Suppose 0 = -5*u - d*u - 3*a + 50, 2*a = u + 3. Calculate the remainder when 18 is divided by u.
4
Let s(o) be the third derivative of o**4/24 - 5*o**3/3 - 2*o**2. Let q be s(10). Suppose -2*a + 66 - 14 = q. What is the remainder when a is divided by 14?
12
Let x(z) = 2*z**2 + 6*z. Let h be x(-4). Suppose -h*p = -4*p - 28. Calculate the remainder when p is divided by 3.
1
Suppose 5*n + 3*z = -63 + 278, -2*n = 5*z - 67. Calculate the remainder when n is divided by 17.
12
Let y = 16 - 13. Let t be 4/(-6) - (-8)/3. Suppose -t*x + 6 = -m - 5*x, y*x = 5*m - 24. What is the remainder when 3 is divided by m?
0
Let i = 16 - 3. What is the remainder when i is divided by 7?
6
Let j(o) = 0*o**2 + 5*o**2 - 2*o - o**3 - 2 + 2*o**3. Suppose -35*k = -37*k + 62. What is the remainder when k is divided by j(-5)?
7
Let n = 155 + -126. Calculate the remainder when 142 is divided by n.
26
Suppose 0 = -2*x + 5*x - g, 4*x = 4*g - 8. What is the remainder when x is divided by 1?
0
Suppose 0 = -6*c + 4*c + 8. Suppose 33 = b - 5*z, c*b = 2*z - z + 56. Calculate the remainder when 24 is divided by b.
11
Let h = 113 - 56. Calculate the remainder when h is divided by 15.
12
Suppose -6 = -p + j + 3, 5*j + 40 = 4*p. What is the remainder when p is divided by (-168)/(-98) + (-2)/(-7)?
1
Suppose -4*k - y = -18, -2*k + y + y + 4 = 0. Let m(f) = f**3 + 2*f - 6. What is the remainder when m(k) is divided by 17?
15
Let u be (2*-14)/(-2) + 0. Suppose u = 3*r - 34. Let q(n) = -n**3 + 27*n**2 + n - 18. Calculate the remainder when r is divided by q(27).
7
Let l(q) = q**3 + q**2 + 11. Let m be (20/8)/(2/(-4)). Let y(b) = -b**3 - 3*b**2 + 7*b + 6. What is the remainder when y(m) is divided by l(0)?
10
Let s(t) = 2*t**3 + t - 1. Let o be 3/(-9) + (-8)/(-6). Calculate the remainder when 5 is divided by s(o).
1
Let q(m) = -m**2 - 9*m - 8. Let h be q(-8). Suppose 5*j - 95 = -h*l + 5*l, 65 = 5*j + 5*l. What is the remainder when j is divided by 6?
4
What is the remainder when 67 is divided by (3 - 1)/(14/119)?
16
Let x = -23 - -38. What is the remainder when 2*-1 + 29/1 is divided by x?
12
Suppose p - 2*p = 0. Suppose -2*i + 5*i - 18 = p. Calculate the remainder when 10 is divided by i.
4
Suppose -5*l = -5*c + 9*c - 820, 5*l - 820 = -2*c. What is the remainder when l is divided by 42?
38
Suppose -4*w = -7*w + 288. Calculate the remainder when w is divided by 14.
12
Let i = 1 - -5. What is the remainder when 28 is divided by i?
4
Let k(a) = -103*a + 1. Let b be k(-1). Let w = b - 60. Calculate the remainder when w is divided by 15.
14
Suppose 0 = 4*x + 3 - 11. Suppose 2*h - 14 = -3*a, 3*h - x*a = 2*a + 21. Calculate the remainder when 13 is divided by h.
6
Suppose 3*m - 5*x = -13 + 65, -100 = -5*m - 5*x. Suppose 3*s + s - 40 = 0. Let t = 20 - s. What is the remainder when m is divided by t?
9
Let j = 60 + -43. Suppose -g - 2*g + 200 = -m, -3*g + 185 = 2*m. What is the remainder when g is divided by j?
14
Let i(k) = k**2 + 5*k + 3. Suppose b + 1 = 2. Let c(a) = 25*a**3 + a**2 + a - 1. Calculate the remainder when c(b) is divided by i(-6).
8
Let o(c) = 2*c. Suppose 3*a + 40 = 5*p - 20, 0 = -5*p - 3*a + 90. What is the remainder when p is divided by o(4)?
7
Let f = -46 + 67. Calculate the remainder when f is divided by 13.
8
Let d(x) = 3*x - 28. Suppose 2*a - 19 = -4*c - c, -3*c - a = -11. Calculate the remainder when c is divided by d(10).
1
Let y(x) be the first derivative of -7*x**4/4 - 2*x**3/3 - 2*x - 5. Suppose 0 = 3*o - 7*o + 4, 5*o - 21 = -b. What is the remainder when y(-2) is divided by b?
14
Let h(y) = 46*y**2. Let r be h(-1). Suppose 5*z + r - 136 = 0. Calculate the remainder when (-7)/(-4)*2*10 is divided by z.
17
Let q = -135 - -154. Calculate the remainder when q is divided by 7.
5
Let r(h) = 20*h + 7. What is the remainder when r(5) is divided by 36?
35
Suppose -20 = -2*s - 4*k, 4*s = 6*s + k - 8. Suppose 0 = 5*b - p + 13, -b - s*b = -p + 9. Calculate the remainder when 2/b - (5 + -58) is divided by 18.
16
Let u = -8 + 13. Suppose -4*l - 5*z + 2*z + 91 = 0, 5*z - 120 = -u*l. Calculate the remainder when l is divided by 11.
8
Let x(i) = -3*i + 3. Let c be x(7). Suppose 3*m - 3*h = -m - 13, 4*m = -h - 33. Let b = m - c. Calculate the remainder when b is divided by 4.
3
Suppose 0*z = 3*z + 12, 0 = -4*t + z + 20. Calculate the remainder when 18 is divided by t.
2
Let c(y) = 2*y**3 - 13*y**2 + y + 6. Let z be c(6). Calculate the remainder when 17 is divided by (z/3)/(1 - 3).
1
Let r(f) = f**3 - 2*f + 1. Let o be r(1). Suppose o = z - 0*z - 2. Suppose x = -z*x + 42. Calculate the remainder when 41 is divided by x.
13
Suppose -5 = -k - 3. Let b be ((-26)/(-1))/k - -1. Suppose b + 11 = 5*y. What is the remainder when 13 is divided by y?
3
Calculate the remainder when 6*(34/119 - (-58)/42) is divided by 4.
2
Suppose 0 = -2*z - 0*q + 3*q + 21, 4*z - 2*q = 54. Suppose 2*x - 1 = 11. Calculate the remainder when z is divided by x.
3
Let p(x) = 13*x - 1. Let r(o) = o + 4. Let z be r(-4). Suppose b - 4*b + 27 = z. What is the remainder when p(2) is divided by b?
7
Let o = -8 + 10. Suppose 15 = -o*a + 43. What is the remainder when 55 is divided by a?
13
Let l(t) = -t**2 + 15*t + 12. Suppose j = -3*a + 11, -j + 4 = -a - 3. Let i = 9 + j. Calculate the remainder when l(12) is divided by i.
14
Suppose -9*j + 209 = 29. Calculate the remainder when 38 is divided by j.
18
Let l(c) = -c + 5. Let x be l(0). Suppose x*w = -4*m + 234, 2*w + 3*m = -3*w + 233. What is the remainder when w is divided by 1/(-5) + 405/25?
14
Let h(v) = -2*v + 4. Let w be h(3). Let n = 19 + -14. Calculate the remainder when n is divided by (-2)/(-2) - (w + 1).
1
Suppose -3*k - 3*s = -432, -3*s - 465 = -5*k + 247. What is the remainder when k is divided by 16?
15
Suppose -y + 21 = -0*v + 2*v, 0 = 4*v + 5*y - 39. Calculate the remainder when 82/4 - (-3)/(-6) is divided by v.
9
Let h(m) = -m**2 - 1. Let d(w) = 5*w**2 + 8*w + 1. Let u(f) = -d(f) - 6*h(f). Let o be u(5). Let i = o - -26. What is the remainder when i is divided by 9?
7
What is the remainder when (-208)/(-16) + 0 + -2 is divided by 4?
3
Let f(s) = -99*s**3 - 1. Suppose 0 = -z + v - 5*v - 17, -5*z = 5*v + 25. What is the remainder when f(z) is divided by 25?
23
Let v(w) = -3*w + 2. Let u be v(-4). Suppose 0 = -2*b + 4*b + u. Let n(c) = c**2 + 6*c + 5. What is the remainder when 23 is divided by n(b)?
11
Let u(f) = -3*f. Let o be u(-2). Suppose -2*r + o = -42. Calculate the remainder when r is divided by 13.
11
Suppose -3*c + o + 105 = 0, c + 3*o = -4*c + 161. Calculate the remainder when c is divided by 12 - 0/(-1 - 0).
10
Suppose 3*a + 4*c - 701 = 0, a - 3*c + 2*c = 229. What is the remainder when a is divided by 59?
54
Suppose m = -2*m + 6. Suppose n - 4*n = -6. What is the remainder when 5*((m - 2) + 1) is divided by n?
1
Calculate the remainder when 3/(((-75)/80)/(-5)) is divided by 5.
1
Let p(r) = -4*r - 11. Let z(a) = -a**3 - 3*a**2 + 2*a + 1. What is